by a?
10
Let r be 1 + (17 - (-7)/(-7)). Suppose -5*i + 63 + r = 0. What is the remainder when 110 is divided by i?
14
Suppose 132815 = -18*c + 61*c + 58*c. Calculate the remainder when c is divided by 66.
61
Suppose -830 + 5722 = 22*b - 3138. Calculate the remainder when b is divided by 98.
71
Let t = 72 + -67. Suppose -t*s - 61 = -w + 100, 2*s = -3*w + 432. Calculate the remainder when w/10 - (72/20 + -4) is divided by 4.
3
Let w be (1 - -3)*(3/12 + 1). Suppose 0 = -w*h - 189 + 839. Calculate the remainder when h is divided by 34.
28
Let j = 1005 - 972. Suppose 0*k = -2*k + 92. Calculate the remainder when j is divided by (-2)/(-5) - k/(-10).
3
Let j be 1 + (1 - 3) - -3. Calculate the remainder when (-6 - 10)/(6*13/(-273)) is divided by -7*-2*j + 1.
27
Let f(q) be the second derivative of 1/12*q**4 - 1/6*q**3 + 0*q**2 + 0 + 23*q. Calculate the remainder when 39 is divided by f(5).
19
What is the remainder when 283 is divided by 6/24*(12 + 376)?
89
Let u = -4933 - -5421. What is the remainder when u is divided by 41?
37
Let u be (1/(-1))/(2/(-6)). Suppose -3*r - 37 = -4*j + 40, u*r = 3. Let n(c) = 19*c**2 - 54*c + 90. What is the remainder when n(2) is divided by j?
18
Let j(o) = 7 + 7*o - 6 - 5*o. Let f be j(-1). What is the remainder when (-5 - (f + -3))/(4/(-100)) is divided by 7?
4
Suppose -5*f - 63868 = -4*v, 892*v - f = 894*v - 31920. What is the remainder when v is divided by 13?
11
Let a = -6987 + 7041. Calculate the remainder when 61 is divided by a.
7
Suppose -374*p = -382*p - 168. Calculate the remainder when (7 - -2)*(-70)/p is divided by (-2)/(-7) - 75/(-7).
8
Let m(y) = -y**2 + 19*y + 29. Let w be m(21). Suppose -7*t + 6*t = -17. Calculate the remainder when t is divided by (-16 - w)*(-2)/2.
2
Let g be (0 + 2)/(1*3/(-12)). Calculate the remainder when 103 is divided by (-2)/g - 11/((-396)/1935).
49
Let f = -4383 + 4472. What is the remainder when 350 is divided by f?
83
Let w(t) = -3*t**3 - 27*t**2 - 6*t + 5. What is the remainder when w(-14) is divided by 74?
69
Suppose 11199 - 614 = 73*p. Calculate the remainder when p is divided by 10.
5
Suppose 40*c - 21 = -101. Calculate the remainder when 203 is divided by 75 + (4 - c)*-1.
65
Let c(r) = 3*r**2 - 8*r + 8. Suppose 4*q = 5*q - 2*s - 3, -3*q + s - 16 = 0. Let o(a) = -a**2 - 6*a + 19. Calculate the remainder when c(6) is divided by o(q).
8
Let v(z) = -2*z**2 - 203*z + 1518. What is the remainder when v(-107) is divided by 66?
11
Let z = 202 + -198. Suppose 2*f - 4*g - 128 = 0, z*g + 184 = 3*f - 0*f. What is the remainder when 112 is divided by f?
0
Let d = -180 + 182. What is the remainder when 24 is divided by 1148/76 - d/19?
9
Let n = -223 + 289. Suppose 4*c = c + n. Calculate the remainder when c is divided by 11.
0
Suppose 3126 - 10240 = -62*x + 8758. What is the remainder when 3583 is divided by x?
255
Let z = 132 + -141. Let t(s) = 48*s + 445. Calculate the remainder when 34 is divided by t(z).
8
Let s be 22/(-143) - 3642/(-13). Let l = 292 - s. What is the remainder when 44 is divided by l?
8
Suppose -16*y + 20*y + 23*y = 1620. Calculate the remainder when 1496 is divided by y.
56
Let j = 3 - -1. Suppose j*y = k - 118, k - 5*y = -2*y + 119. Let f(m) = -m**3 + 11*m**2 + 539*m - 5887. Calculate the remainder when k is divided by f(11).
38
Suppose 0 = -3*t + 4*t - 21. Let f = -216 - -219. Suppose -83 - 88 = -f*c - 3*b, -6 = 2*b. Calculate the remainder when c is divided by t.
18
Suppose 79*n - 3026 + 619 = -4*n. Calculate the remainder when 9363 is divided by n.
25
Let n = -94 + 181. Let m = n - 85. Suppose -m*r = -10 + 4. Calculate the remainder when 20 is divided by r.
2
Let k be (4700/15)/10*3. Let i = k + -64. Calculate the remainder when 46 is divided by i.
16
Let s = -3 + 3. Suppose s = 21*r - 24*r + 141. Calculate the remainder when 187 is divided by r.
46
Suppose 0 = 92*v - 107*v + 1800. What is the remainder when 1678 is divided by v?
118
Let r(i) = 5*i**2 - 5. Suppose -2*c + 2 = 2*q, -4*c - 4 = -5*c - 2*q. Calculate the remainder when 41 is divided by r(c).
11
Suppose 9944 = 28*j + 732. Suppose 105*s - 75 = 100*s. What is the remainder when j is divided by s?
14
Let m be 2/(-4) - (-7 + 4796/8). Let c = m - -638. What is the remainder when c is divided by 4?
1
Let l(h) = -204*h - 610. Calculate the remainder when 367 is divided by l(-3).
1
Let i(y) = 3*y**3 - 7*y**2 + 26. Let m be i(5). Let w = -146 + m. What is the remainder when w is divided by 21?
17
Let p = 1178 - 1018. What is the remainder when 617 is divided by p?
137
Suppose 4*x - 9*x + 895 = 0. Suppose 67 = 2*v - x. Let p = -87 + 129. What is the remainder when v is divided by p?
39
Suppose 25 = 5*p, 3*t - 1826 = 3*p - 350. Calculate the remainder when t is divided by (3/2 + 1)*20.
47
Suppose -16 = -2*y - d + 13, 5*y - 2*d = 59. Suppose 11 = 6*r - y. What is the remainder when 95 is divided by r?
3
Let p = -3536 - -4657. What is the remainder when p is divided by 187?
186
Suppose 0 = u - 0 - 5. Suppose 0 = 3*l + x + 1, l - 2*x = -x + u. What is the remainder when 35 is divided by (-2 - -2) + l - -11?
11
Let z be (3 - 138/18)/((-2)/27). Let i = 24 - -38. Suppose 0 = -5*x + z + i. Calculate the remainder when 49 is divided by x.
24
Suppose 62832 = 63*d + 91*d. What is the remainder when d is divided by 55?
23
Let v be -5 + 9 + 6 + -7. What is the remainder when 3 is divided by (12 + 2)/7*(v - 2)?
1
Let t(f) = 2*f**3 + 2*f**2 - 23*f + 12. Calculate the remainder when 3611 is divided by t(3).
11
Calculate the remainder when 332 is divided by (-142785)/(-2907) - ((-18)/136 - (-3)/12).
38
Let o be -1*(0 + (120 - 0)). Let v = o - -216. Suppose 2*x - 194 = -4*g, -3*g - 18*x + 22*x = -162. What is the remainder when v is divided by g?
46
Let v be 14*(2/(-5) + (-180)/(-200)). Suppose 16*w - 5014 = -v*w. What is the remainder when w is divided by 4?
2
Let h(a) = -a**3 + 9*a**2 + 11*a - 8. Let i be h(10). Suppose -2*q + i*w - 224 = -6*q, 2*q - 110 = -2*w. What is the remainder when 110 is divided by q?
53
Let o(b) = b**2 - 6*b + 19. Let s be ((-102)/85)/((-2)/10). Calculate the remainder when o(s) is divided by (4 - -1)/(5/10).
9
What is the remainder when 226 is divided by (1676/4 + (6 - 13))/(-1 - -3)?
20
Suppose -837 + 179 = -14*t. Suppose 7*m + 50 = 2*m. Let o = m + t. What is the remainder when o is divided by 8?
5
Let c(h) be the second derivative of h**4/12 + h**3/2 + h**2 - 5*h. Calculate the remainder when 65 + -1 + 20/80*-24 is divided by c(-7).
28
Suppose 5308*c - 5307*c - 1774 = 885. Calculate the remainder when c is divided by 884.
7
Let a(l) = 4*l + 7. Suppose -4*p + 62 = -2*r, -5*p + 0*p + 96 = -3*r. Let j = r + 39. What is the remainder when 74 is divided by a(j)?
14
Suppose -8 + 36 = 7*h. Let v = h - 41. Let l = 67 + v. Calculate the remainder when 117 is divided by l.
27
Let a(h) = 88*h - 172. Calculate the remainder when a(4) is divided by 71.
38
Calculate the remainder when (-163 - -162) + (-3305)/(-1) is divided by 29.
27
Let o(i) = i**3 + 6*i**2 + 14*i + 34. Let m be o(-5). Let q(k) = k**3 + 14*k**2 + 33*k + 19. Calculate the remainder when 91 is divided by q(m).
15
Let o(r) = r**2 + 5*r - 4. Let a be o(-6). Suppose 0 = -0*k - a*k + 56. What is the remainder when 1359/12 + -3 - 0 - (-75)/100 is divided by k?
27
Let z = -550 + 761. Suppose -182 = a - z. Calculate the remainder when 111 is divided by a.
24
Let v be (8/2)/2 - (-63 + 60). Suppose 5*p + 2*h = 22, -5*h - v = -3*p + 33. Calculate the remainder when 50 is divided by p.
2
Suppose -4*i + 29 = -331. Calculate the remainder when i is divided by (-4 - 19/(-4))*40.
0
Let c be (80/4)/(4/(-138)). Let h(p) = -p**2 - 7*p + 104. Calculate the remainder when (-2)/8 + c/(-8) is divided by h(5).
42
Let n(h) = -6*h**2 - 88*h - 48. Let u(a) = -11*a**2 - 177*a - 95. Let f(b) = 5*n(b) - 3*u(b). What is the remainder when 73 is divided by f(-30)?
13
Suppose 6*a - 1379 - 991 = 0. What is the remainder when a is divided by 3?
2
Let q be 140/(-28) - (-7)/1. Suppose 3*u + q = 101. What is the remainder when u is divided by 29?
4
Let z be 15/(4 - 1) - 2. Suppose z*k - 4*u - 47 = 26, 94 = 4*k - 2*u. Calculate the remainder when 58 is divided by k.
12
Suppose 72*o + 126*o - 40482 = -36*o. Calculate the remainder when 386 is divided by o.
40
Let b be ((-12)/(-